 remainder when 24 is divided by d.
11
Suppose -10*h + 4*h + 156 = 0. Calculate the remainder when h is divided by 9.
8
Suppose -7*b + 4*m + 3 = -2*b, -3 = b - 2*m. Suppose -2*k - b*k = -325. Calculate the remainder when k is divided by 17.
14
Let v(n) be the second derivative of -n**4/4 + n**3/6 + 3*n**2/2 + 2*n. Let k be v(-5). Let z = -42 - k. What is the remainder when z is divided by 9?
8
Let c = 56 - 10. Suppose -3*s = -27 - 9. What is the remainder when c is divided by s?
10
Let u = 64 - 32. Suppose 43 = 5*z - u. Suppose -90 = -5*d + 130. Calculate the remainder when d is divided by z.
14
Suppose 0*a + 20 = 5*a, k - 5*a = -14. Calculate the remainder when 822/30 + (-4)/10 is divided by k.
3
What is the remainder when 66 is divided by (-245)/(-15) - (-2)/3?
15
Suppose -5*t + 9 = -2*t. Suppose -2*o = -5*i + 120, 5*i - t*o - 109 = 11. Suppose 0 = -5*h + 2*h + i. What is the remainder when 22 is divided by h?
6
Let i = -168 - -235. What is the remainder when i is divided by 24?
19
Let b = 20 - 28. Let s = b - -21. Calculate the remainder when 25 is divided by s.
12
Let w(l) = -l**3 + 7*l**2 - 5*l. What is the remainder when 51 is divided by w(4)?
23
Let v(k) = k**3 + 12*k**2 + 3*k - 41. What is the remainder when 88 is divided by v(-11)?
41
Let i = 624 - 292. Let g be (-2)/(-5) + i/20. Let t = g - 7. Calculate the remainder when 28 is divided by t.
8
Let n(d) = -16*d**2. Let p be n(-2). Let j = -39 - p. Calculate the remainder when j is divided by 14.
11
Let t = -1280 + 896. What is the remainder when (3/6)/((-3)/t) is divided by 22?
20
Let p = 1 - -2. What is the remainder when 14 - (9/p)/(-3) is divided by 6?
3
Let b be (-12)/((-9)/2 - -3). Suppose -i = 3*v - b - 33, -v = -3*i - 7. What is the remainder when 25 is divided by v?
12
Suppose -3*y + 5*q - 123 + 44 = 0, 65 = -3*y - 2*q. Let l = -7 - y. Let f = -41 - -71. Calculate the remainder when f is divided by l.
14
Suppose 5*l + 7 = 17. Let y = -5 + 7. What is the remainder when y is divided by l?
0
Suppose 0 = -4*x - z + 7, 0 = 3*z + 2*z + 5. Let y(f) = -10*f - 3*f + x*f - 18 + f**2. What is the remainder when 23 is divided by y(13)?
7
Let y(h) = -h**3 - 5*h**2 + 6*h + 3 - 4*h**2 + 2*h**2. Suppose -k + 5*l - 28 = 0, k + 0*l = l - 12. What is the remainder when y(k) is divided by 5?
4
Suppose -5*c + 116 + 209 = 0. Suppose -3*z + 176 = c. Suppose 3*u - 51 = 9. Calculate the remainder when z is divided by u.
17
Let h = 2 - -8. Suppose -5*x + 15 = -h. Suppose -x*d = -61 + 6. Calculate the remainder when 31 is divided by d.
9
Let m = 17 + -17. Suppose 0 = l - k - 2, -3*l - 5*k = -36 - 2. What is the remainder when (2 - 1)*17 - m is divided by l?
5
Let a(p) = p - 6. Let q be a(4). Let k = q - -3. What is the remainder when 58 is divided by k/(-1)*(-17 - 3)?
18
Let d be (-16)/(-40) + 96/10. Calculate the remainder when 38 is divided by (-256)/(-20) - (-2)/d.
12
Suppose 7*a - 9*a + 72 = 0. Calculate the remainder when 104 is divided by a.
32
Let v = 368 - 174. What is the remainder when v is divided by 49?
47
Suppose -4*y + 12 = 3*j, 2*y - 3 = -j + 3. Suppose 5*o = -2*d - d + 37, j = -d - o + 13. Calculate the remainder when 27 is divided by d.
13
Let q = 3 - 0. Suppose -2*m + 5*z - 21 = 0, -3*m + q*z + 31 = 8*z. Calculate the remainder when m is divided by 2/((-3)/(6/(-4))).
0
Let g = -18 - -8. Let p = -7 - g. Suppose 5*j - p*c + 5 - 135 = 0, -3*j = -2*c - 77. Calculate the remainder when j is divided by 8.
5
Suppose -4*q = -5*o - 111 - 66, -128 = -3*q - o. Calculate the remainder when q is divided by (-44)/(-3) - 6/(-18).
13
Let u(s) = -2*s**2 + 5*s + 3. Let r be u(-4). Let n = 73 + r. Calculate the remainder when n is divided by 13.
11
Let z = -35 + 64. Calculate the remainder when z is divided by 11.
7
Let l = 155 - 96. What is the remainder when l is divided by 12?
11
Suppose 2*d = u + 34, -4*d + 5*u = -d - 51. Suppose 0 = k + 4*x - 17, 3*k + x + 4*x = 37. What is the remainder when d is divided by k?
8
Let x(y) = -29*y**3 + y**2 + 3*y + 2. Calculate the remainder when 55 is divided by x(-1).
26
Calculate the remainder when 40 is divided by (84/(-10))/((-8)/20).
19
Let r be (-4)/(-10) + (-186)/15. Let a = r + 17. What is the remainder when a is divided by 2?
1
Let z(s) = 2*s**2 + 5*s + 8. Let o(n) = -n - 8. Let v be o(-8). Suppose v = -5*i - 0 + 85. Calculate the remainder when z(-6) is divided by i.
16
Let c be (183/(-3) + -2)/(-1). Suppose -4*j = -c - 89. Suppose 0 = -4*b + 22 + j. Calculate the remainder when b is divided by 4.
3
Calculate the remainder when -1 + 65/(2 + -1) is divided by 22.
20
Let j(m) = m**2 - 2*m - 3. Let o be j(-3). Suppose -o = -3*p + 3. What is the remainder when 7 is divided by p?
2
Let d = 0 + 0. Suppose -x = -d*x + 14. Let l = x + 24. What is the remainder when l is divided by 6?
4
Suppose 25 = -0*o + 5*o. Let m(v) = 12 - 4*v + 11*v - o + v**2. Calculate the remainder when 20 is divided by m(-7).
6
Suppose 0 = -2*o + 4*z + 6, 8 = 2*o - z - 10. Let d(n) = 3*n - 2*n + 16*n**2 + 28*n**2 + 0*n. Calculate the remainder when d(-1) is divided by o.
10
Calculate the remainder when (154/(-28))/(-1 + (-9)/(-10)) is divided by 10.
5
Let r = 81 + -32. Let h(y) = 4*y**2 - y + 3. Let o = 13 + -11. What is the remainder when r is divided by h(o)?
15
Let g = -7 + 9. Suppose 0 = 5*w + 4*b - 337, -2*w - g*w + 286 = -5*b. What is the remainder when w is divided by 24?
21
Let q = 13 + -7. Suppose 9 = -3*y + q*y. Calculate the remainder when 6 is divided by y.
0
Suppose 395 = 3*q + 2*q. What is the remainder when 3/9*(q - 1) is divided by 9?
8
Let m(r) = -r**2 - 13*r + 13. Let x be m(-12). Let z be (-385)/x - 3/5. What is the remainder when 0 + (z/(-1) - 2) is divided by 8?
6
Suppose 7*k = 2*k. Suppose k = r + 2*r - 153. What is the remainder when r is divided by 13?
12
Let j = 5 + -3. Suppose 3*g - g = -j*w - 6, 5*g = -2*w. Suppose 0 = -0*h - g*h + 14. What is the remainder when 20 is divided by h?
6
What is the remainder when (-4)/((-28)/597) + (-6)/21 is divided by 11?
8
Let n(p) = -p**2 + 3*p + 2. Let s be n(4). Let k = -4 + s. Calculate the remainder when 34 is divided by k/(6/4 - 2).
10
Suppose 24 = 4*y - 0*y. What is the remainder when 15 is divided by y?
3
Let j(f) = f**3 - 4*f**2 + 2*f. Let o be j(3). Let y = 14 + o. What is the remainder when y is divided by -1*(7 + 0)*-1?
4
Let v = -28 + 71. What is the remainder when v is divided by 23?
20
Suppose -47 = -c + 5*s - 13, 4*c - 2*s = 64. Calculate the remainder when 54 is divided by c.
12
Suppose 3*t = 4*n + 7 + 19, 10 = -5*n. Suppose 3*g - 24 = 24. What is the remainder when g is divided by 1/(-3) - (-56)/t?
7
Let g(y) = y + 28. Let o = 11 - -1. What is the remainder when g(17) is divided by o?
9
Suppose 0 = 2*i - 2, 2*h = -2*h + 2*i + 38. Calculate the remainder when 29 is divided by h.
9
Let g be -1*3*(-37)/(-3). Let j = -10 - g. Calculate the remainder when 28 is divided by 399/j + 2/9.
13
Suppose 3*c - 46 = -4. Let o(p) = 41*p**3 - 4*p + 3. Calculate the remainder when o(1) is divided by (-6)/(-21) - (-192)/c.
12
Let q = 99 - 95. Let u = -23 - -33. What is the remainder when u is divided by q?
2
Let l = -3 + 12. Let v = l + -3. What is the remainder when 10 is divided by v?
4
Let t(r) = -r**3 - 7*r**2 - 8*r - 8. Let j(w) = -w**3 + 5*w**2 - 5*w + 5. Let d be j(4). Let z(k) = 11*k. What is the remainder when z(d) is divided by t(-6)?
3
Suppose -k = k. Suppose -z - 4*z + 140 = k. Let x = z - 16. Calculate the remainder when 35 is divided by x.
11
Suppose 4*o = 5*o - 20. Let t(b) = b - 2. Let s be t(0). Let v(f) = -18*f + 2. What is the remainder when v(s) is divided by o?
18
Suppose 45*r - 40*r - 460 = 0. Calculate the remainder when r is divided by 24.
20
Let u = 109 + -60. Suppose -4*l - 5*z = -69, 3*l + 2*z - u = z. What is the remainder when l is divided by 9?
7
Suppose -3*b + 54 = 3*h, 2*h + b - 10 - 30 = 0. Calculate the remainder when 43 is divided by h.
21
Let a be ((-10)/4)/(2/(-4)). Let z(q) be the second derivative of -q**3/6 + 4*q**2 - 7*q. What is the remainder when 5 is divided by z(a)?
2
Let l = 0 - 0. Suppose 3*y - 56 - 55 = l. What is the remainder when y is divided by 19?
18
Suppose 54 = 7*f - 478. Calculate the remainder when f is divided by 13.
11
Let r(y) = y**3 + y**2 + y + 11. Let q = 19 + 1. 